e prime factors of 299998509?
3, 47, 2127649
What are the prime factors of 7055684048?
2, 7, 19, 263, 1801
What are the prime factors of 34956452?
2, 8739113
What are the prime factors of 27754418?
2, 13877209
List the prime factors of 4489044628.
2, 6131, 183047
What are the prime factors of 618732214?
2, 281, 1100947
List the prime factors of 2718564636.
2, 3, 226547053
What are the prime factors of 705170359?
167, 4222577
List the prime factors of 149281806.
2, 3, 24880301
List the prime factors of 609353951.
3797, 160483
What are the prime factors of 62233274?
2, 31116637
What are the prime factors of 361819431?
3, 40202159
List the prime factors of 1483170248.
2, 7, 19, 1393957
List the prime factors of 130120794.
2, 3, 7228933
What are the prime factors of 163259076?
2, 3, 13604923
List the prime factors of 373924375.
5, 11, 137, 397
List the prime factors of 620173403.
23, 103, 261787
List the prime factors of 6249432925.
5, 23, 683, 15913
List the prime factors of 34751021.
71, 83, 5897
What are the prime factors of 137816814?
2, 3, 191, 241, 499
What are the prime factors of 1637809595?
5, 19, 89, 97, 1997
List the prime factors of 1676398161.
3, 13751, 40637
What are the prime factors of 156130568?
2, 11, 347, 5113
List the prime factors of 29954887.
19, 41, 38453
List the prime factors of 8778843.
3, 975427
What are the prime factors of 3470856269?
173, 20062753
List the prime factors of 168474437.
17, 73, 135757
List the prime factors of 317695246.
2, 11, 37, 390289
What are the prime factors of 259930921?
53, 4904357
List the prime factors of 417337354.
2, 7, 29809811
What are the prime factors of 272465563?
359, 758957
List the prime factors of 41818407.
3, 13939469
List the prime factors of 1807302909.
3, 602434303
What are the prime factors of 1033823964?
2, 3, 23, 3745739
What are the prime factors of 967232164?
2, 19, 12726739
List the prime factors of 419212760.
2, 5, 2713, 3863
What are the prime factors of 53018677?
3697, 14341
What are the prime factors of 553451834?
2, 13, 29, 734021
What are the prime factors of 106084566?
2, 3, 7, 31183
What are the prime factors of 966514875?
3, 5, 467, 5519
List the prime factors of 94984742.
2, 479, 99149
What are the prime factors of 71151490?
2, 5, 727, 9787
What are the prime factors of 796582118?
2, 1171, 340129
What are the prime factors of 28408290?
2, 3, 5, 946943
What are the prime factors of 162164618?
2, 7, 11, 150431
What are the prime factors of 580889340?
2, 3, 5, 71, 109, 139
What are the prime factors of 1741482320?
2, 5, 71, 79, 3881
List the prime factors of 514918022.
2, 257459011
What are the prime factors of 112990015?
5, 59, 607, 631
What are the prime factors of 69276684?
2, 3, 47, 113, 1087
What are the prime factors of 121889500?
2, 5, 433, 563
What are the prime factors of 60394836?
2, 3, 1493, 3371
What are the prime factors of 268921125?
3, 5, 11, 31, 701
List the prime factors of 363802137.
3, 47, 349, 7393
What are the prime factors of 104761120?
2, 5, 47, 13931
What are the prime factors of 127055348?
2, 7, 17, 293, 911
List the prime factors of 63264570.
2, 3, 5, 2108819
What are the prime factors of 314442853?
29, 151, 71807
List the prime factors of 15899558.
2, 107, 74297
List the prime factors of 7837186966.
2, 7, 17, 43, 107, 421
List the prime factors of 1004962457.
73, 89, 154681
List the prime factors of 268240054.
2, 131, 683, 1499
List the prime factors of 6771697.
541, 12517
What are the prime factors of 168154028?
2, 7, 19, 79, 4001
List the prime factors of 271785089.
23, 71, 149, 1117
List the prime factors of 76979906.
2, 19, 37, 54751
List the prime factors of 1169441706.
2, 3, 31, 6287321
List the prime factors of 207774859.
207774859
What are the prime factors of 1893487683?
3, 631162561
List the prime factors of 593218468.
2, 17, 149, 58549
What are the prime factors of 646106311?
646106311
What are the prime factors of 121586053?
4597, 26449
List the prime factors of 29956537.
13, 2304349
List the prime factors of 4745648502.
2, 3, 7, 37663877
List the prime factors of 91156789.
37, 2463697
List the prime factors of 47023527.
3, 15674509
What are the prime factors of 77662275?
3, 5, 283, 3659
What are the prime factors of 932762964?
2, 3, 7, 83, 353, 379
What are the prime factors of 16032933?
3, 7, 254491
What are the prime factors of 6198030?
2, 3, 5, 17, 4051
List the prime factors of 78270733.
78270733
List the prime factors of 509768391.
3, 11, 193, 80039
List the prime factors of 99194768.
2, 23, 103, 2617
What are the prime factors of 780261112?
2, 157, 621227
List the prime factors of 417436942.
2, 13, 16055267
What are the prime factors of 359592155?
5, 13, 151, 36637
List the prime factors of 795831243.
3, 265277081
List the prime factors of 3165032846.
2, 1582516423
List the prime factors of 5288293041.
3, 1762764347
List the prime factors of 1364905018.
2, 682452509
What are the prime factors of 543893176?
2, 397, 171251
What are the prime factors of 57154054?
2, 28577027
What are the prime factors of 91281933?
3, 283, 35839
List the prime factors of 406568071.
7, 13, 4467781
List the prime factors of 608564478.
2, 3, 29, 709, 4933
List the prime factors of 4543042707.
3, 7, 71, 12539
List the prime factors of 134685349.
53, 2541233
List the prime factors of 832631290.
2, 5, 83263129
List the prime factors of 190444310.
2, 5, 7, 163, 16691
List the prime factors of 22835122.
2, 29, 393709
List the prime factors of 1499043699.
3, 23, 104953
What are the prime factors of 168800208?
2, 3, 17, 31, 6673
List the prime factors of 9020176.
2, 11, 53, 967
What are the prime factors of 5121427642?
2, 79, 32414099
What are the prime factors of 182470821?
3, 13, 491, 733
List the prime factors of 153085733.
113, 1354741
What are the prime factors of 5665461676?
2, 7, 202337917
List the prime factors of 59687307.
3, 29, 31, 2459
What are the prime factors of 5997285?
3, 5, 7, 79, 241
List the prime factors of 67171246.
2, 43, 53, 14737
What are the prime factors of 289169192?
2, 13, 47, 59159
List the prime factors of 375831558.
2, 3, 20879531
List the prime factors of 115068687.
3, 1063, 36083
What are the prime factors of 354745356?
2, 3, 7, 43, 98213
What are the prime factors of 55151076?
2, 3, 59, 61, 1277
What are the prime factors of 4117808936?
2, 131, 1361, 2887
What are the prime factors of 17055867?
3, 491, 11579
What are the prime factors of 5935863592?
2, 741982949
List the prime factors of 42321681.
3, 4702409
List the prime factors of 503314653.
3, 67, 379, 6607
What are the prime factors of 2653090709?
3541, 749249
What are the prime factors of 6791428991?
17, 399495823
List the prime factors of 35519533.
7, 317, 16007
What are the prime factors of 478310303?
478310303
List the prime factors of 86712536.
2, 59, 183713
What are the prime factors of 94099685?
5, 19, 990523
What are the prime factors of 170959001?
83, 2059747
List the prime factors of 503202030.
2, 3, 5, 16773401
What are the prime factors of 2114086525?
5, 53, 59, 27043
List the prime factors of 3440986675.
5, 7, 101, 194681
List the prime factors of 66293103.
3, 239, 92459
List the prime factors of 114512041.
7, 263, 62201
What are the prime factors of 67252293?
3, 1823, 4099
List the prime factors of 48149583.
3, 16049861
What are the prime factors of 67229387?
53, 1268479
List the prime factors of 1274572435.
5, 254914487
What are the prime factors of 51944134?
2, 11, 53, 44549
What are the prime factors of 21513124?
2, 53, 101477
What are the prime factors of 117517020?
2, 3, 5, 1958617
List the prime factors of 917853812.
2, 229463453
List the prime factors of 197072060.
2, 5, 9853603
What are the prime factors of 581472745?
5, 7, 211, 78737
What are the prime factors of 112707457?
47, 151, 15881
List the prime factors of 1687300428.
2, 3, 11, 139, 91961
List the prime factors of 63923085.
3, 5, 31, 45823
List the prime factors of 9659992.
2, 53, 22783
What are the prime factors of 168829172?
2, 853, 49481
What are the prime factors of 34932269?
29, 1204561
List the prime factors of 1590152419.
103, 1553, 9941
What are the prime factors of 2637009391?
89, 1619, 18301
List the prime factors of 7845110064.
2, 3, 11, 1650907
List the prime facto